 factors of g.
7
Let s(g) = 4*g - 1. List the prime factors of s(2).
7
Suppose 14*r - 13*r - 63 = 0. What are the prime factors of r?
3, 7
Suppose -8*q + 10*q = 190. What are the prime factors of q?
5, 19
Let s(x) = -x**2 + x. Let w(l) = -11*l**3 + l**2. Let u(n) = s(n) + w(n). Suppose -m + 2 = -3*m. List the prime factors of u(m).
2, 5
Suppose 2*c - 34 = -4*r, 6*c - c - 100 = 5*r. Suppose -3*q + 2*u = -5*q + 2, 0 = 5*q - 2*u - c. List the prime factors of q.
3
What are the prime factors of (-215)/(-15) + 2/(-6)?
2, 7
Let j = -7 + 11. Suppose 0 = 2*q - 38 + 8. Let p = q - j. List the prime factors of p.
11
Let f be 1 + -4 + 1/(-1). What are the prime factors of ((-30)/(-25))/(f/(-30))?
3
Suppose -2*f - 48 = -q - 519, -3*q = -3*f + 699. What are the prime factors of f?
2, 7, 17
Suppose -4*b + 3*b - 19 = -5*r, 4*b = -r + 8. Suppose 3*k - 5*c = 31, -r*c + 40 = 3*k - 0*k. What are the prime factors of k?
2, 3
Let b(s) = -6*s + 3. List the prime factors of b(-4).
3
What are the prime factors of (-1 - (-83)/(-2))*1*-2?
5, 17
Let z(v) = -v - 12. Let c be z(-14). Suppose -c*r + 60 = 3*r. List the prime factors of r.
2, 3
Suppose 0 = -2*f - 7*z + 4*z + 50, 0 = -4*f - 4*z + 108. List the prime factors of f.
31
Let x be 4/((-1)/(-105)*3). Let p be x/(-15) + (-2)/3. Let k = 14 + p. List the prime factors of k.
2
Suppose -2*d + 5 = -5. Let i(g) = g - 3. Let j be i(5). Suppose -d*h = -3*r - j, 19 = 3*r + 5*h - 19. What are the prime factors of r?
2, 3
Let p = -5 + 5. Suppose y + p*y - 19 = 0. What are the prime factors of y?
19
Suppose 0 = -14*z + 5*z + 396. What are the prime factors of z?
2, 11
Suppose -603 - 179 = -2*n - 2*r, 4*n = 5*r + 1564. What are the prime factors of n?
17, 23
Let t = -17 + 55. List the prime factors of t.
2, 19
Suppose 2*y + 3*b = -2*y + 8, -24 = 4*y - 5*b. What are the prime factors of ((-9)/3)/(y/3)?
3
Let p be (3 - 4) + 4/(-1). Let n = p + 9. What are the prime factors of n?
2
Let v(t) = -3*t**3 - 6 - 4*t**2 + 3*t**3 + 3*t**3 - 2*t**3 + 3*t. What are the prime factors of v(4)?
2, 3
Suppose 53 = -4*k - 115. List the prime factors of (-3)/(-4) - k/8.
2, 3
Let p = 10 + 7. What are the prime factors of p?
17
Let k = 312 + -212. Suppose -5*t - 5*c + k = 0, -2*c - 4 + 74 = 4*t. List the prime factors of t.
3, 5
Let p = -9 - -2. List the prime factors of -8*(-3 + p/(-4)).
2, 5
Let j(x) = 7*x**2 - x - 2. Let b be j(2). Suppose v = -2*v + b. Let i = 1 + v. What are the prime factors of i?
3
Let g(i) = i**2 + 5*i + 6. Let w be g(-4). Suppose 8 = w*k + 48. Let f = k + 29. List the prime factors of f.
3
Suppose -5*p - v + 138 + 8 = 0, -5 = -5*v. List the prime factors of p.
29
Let u(n) be the second derivative of 3*n + 0*n**4 - 1/5*n**5 + 1/2*n**2 + 1/6*n**3 + 0. List the prime factors of u(-1).
2
Let v = 52 + -21. What are the prime factors of v?
31
Let p be (-210)/(-27) + 4/18. Let r = -6 + p. List the prime factors of (r/6)/(6/198).
11
Suppose o + 5*v - 291 + 0 = 0, 5*o + 5*v = 1495. List the prime factors of o.
7, 43
Let b be (-102)/(-30) + (-6)/(-10). Suppose a + 4 = 3*a, 2*a + 44 = b*v. Suppose -d - 2 = -v. List the prime factors of d.
2, 5
Let q = -415 - -592. What are the prime factors of q?
3, 59
Let v be 0 - (-1)/(2/(-2)). Let a be 2*(-1 + v/(-2)). What are the prime factors of (-3)/((-11)/8 - a)?
2
Let j be (-2 - (0 + 0)) + 6. Let f be (-65)/(-10) - 6/j. Suppose f*y = -5*w + 50 + 20, 0 = -5*y - w + 58. What are the prime factors of y?
11
Let q = -5 + 5. Suppose q = -5*w + 15. What are the prime factors of w?
3
Suppose 118 = a + 2*a - 4*j, 3*a = 2*j + 122. List the prime factors of a.
2, 3, 7
Let y(m) = 2*m**2 + 10*m - 5. List the prime factors of y(-8).
43
Let w = -10 - -22. Suppose -5*s - w - 3 = -l, 0 = 2*s + 3*l - 11. What are the prime factors of 3*(-2 - (-1 + s))?
3
Suppose 6*d - 917 = -41. List the prime factors of d.
2, 73
Let v(s) = -s**2 - 9*s - 4. Let o(j) = -j**3 + 5*j**2 + 5*j - 1. Let g be o(6). List the prime factors of v(g).
2, 5
Suppose 18*q - 1651 = 5*q. What are the prime factors of q?
127
Suppose -2*k + 7*k + 10 = -5*m, 2*m = -5*k - 1. Suppose -x - 2*n + 13 = 0, x - 2*n + n = k. List the prime factors of x.
5
Let r(j) = j**3 - j**2 - j. Let u be r(0). Suppose u*n = -5*n + 95. Suppose -2*x + n = f + x, f + 11 = 3*x. List the prime factors of f.
2
Suppose -c = c - 10. Let v = -16 - -6. List the prime factors of (c/v)/((-1)/14).
7
Suppose -111 = -5*k - 4*r - 26, 2*r = -4*k + 62. What are the prime factors of k?
13
Let l(d) = -d**3 + 11*d**2 + 26*d + 22. What are the prime factors of l(12)?
2, 5, 19
Let a = -27 - -71. What are the prime factors of a?
2, 11
Suppose -5*b - 3*d + 371 = -92, 5*b - 483 = 2*d. What are the prime factors of b?
5, 19
Suppose -63 - 132 = -5*v. Suppose -2*x = x - v. What are the prime factors of x?
13
List the prime factors of (0 + -18)*(4 - 7).
2, 3
Let v(q) be the third derivative of 0*q + 1/4*q**4 - 3*q**2 + 0 - 5/3*q**3 + 1/60*q**5. What are the prime factors of v(-8)?
2, 3
Suppose -4*a + 4*k = -164, 0 = -a - 5*k - 19 + 60. What are the prime factors of a?
41
Let g = -272 - -393. What are the prime factors of g?
11
Let v(g) = -g**3 + 4*g**2 + 6*g - 1. List the prime factors of v(4).
23
Let x be (10/8)/(2/8). Suppose 2*g + 4*s = 2 + 4, -3*s - 3 = -g. Suppose -8 = -x*k + g*k. What are the prime factors of k?
2
Let p be (65/13)/((-1)/(-1)). Suppose 0*y + p*y = 105. What are the prime factors of y?
3, 7
Suppose 8 - 86 = -2*h. List the prime factors of h.
3, 13
Let l = 1465 + -1029. What are the prime factors of l?
2, 109
Let n = 355 - 235. Suppose 3*m + 3*r - 2*r = n, 0 = -4*m + 4*r + 144. List the prime factors of m.
3, 13
Let y(j) = 20*j**3 + 3*j**2 - 2*j + 2. What are the prime factors of y(2)?
2, 5, 17
Suppose 15 = -2*p + 3*p. What are the prime factors of ((-145)/p)/((-1)/3)?
29
Suppose 3*i + 37 = 3*z + 124, 4*i + 2*z = 104. What are the prime factors of i?
3
Suppose 0 = u + 2*u. Suppose u*h = -3*r - 3*h + 36, -r - 5*h = -32. List the prime factors of r.
7
What are the prime factors of ((-5 - -3) + 5)/(9/66)?
2, 11
Suppose 2*k + 5*g = -6, 2*g = -2*k + 3 - 15. Let s = -7 - k. What are the prime factors of (3 + s)/(3/12)?
2
Let t = 2 + -2. What are the prime factors of (0 + -2 - t) + 20?
2, 3
Let q = 5 + 7. What are the prime factors of q?
2, 3
What are the prime factors of (-2)/(-4) + (-1233)/(-18)?
3, 23
Let p(n) = 45*n**3 - n**2 + 1. Let x be p(1). Suppose 0 = g + 4*j, -4*g = 2*j - x + 3. List the prime factors of g.
2, 3
List the prime factors of 4/(-14) - 512/(-28).
2, 3
Let c = 34 - 10. Suppose 0 = d + 2*f - 2, -4*d - 4*f + c = -0*f. What are the prime factors of d?
2, 5
Let g be 4*-1 + 2/1. Let y be g/(-7) + 2/(-7). Suppose y = 2*z - 8 - 14. List the prime factors of z.
11
Let p(t) = -10*t + 20. List the prime factors of p(-23).
2, 5
Let h = -90 + 233. What are the prime factors of h?
11, 13
Suppose 5*r = c - 2*c - 12, 0 = -2*r. List the prime factors of c/(-18) - 25/(-3).
3
Suppose 2*k - k - 8 = -3*w, -5*w = 3*k - 40. What are the prime factors of k?
2, 5
Suppose -163 - 143 = -3*i. What are the prime factors of i?
2, 3, 17
Let p = 249 - 173. What are the prime factors of p?
2, 19
Let n(a) = a**2 - a + 2. Let b = -5 + 5. List the prime factors of n(b).
2
Suppose -18 = -2*d - d. Let m = 8 - d. List the prime factors of m.
2
Let t(h) = -h**3 + 4*h**2 + 5*h - 5. Let n(w) = w**3 + 11*w**2 - 12*w + 4. Let k be n(-12). Let x be t(k). Suppose x = 4*i - 1. List the prime factors of i.
2
Let b(u) = u**3 - 3*u**2 + 9*u - 3. What are the prime factors of b(6)?
3, 53
Let u be 20/6*(6 - -3). Suppose u = 3*l + 2*l. List the prime factors of l.
2, 3
Let x(d) be the first derivative of d**4/4 + 4*d**3/3 - 4*d**2 - 3*d - 2. Let t be x(-5). Let l = t + -3. List the prime factors of l.
3
Let p(n) = -n**2 + 12*n - 12. What are the prime factors of p(7)?
23
Suppose z - 5 = -4*i + 124, -4 = -4*z. List the prime factors of i.
2
Suppose n + 7 - 19 = 0. Let p be (-4)/(0 - 3/n). Suppose 0 = 2*b - 2*j - p, -7*b + j = -3*b - 32. What are the prime factors of b?
2
Suppose 2*i - 303 = -3*l, 2*l + 4 = 2. What are the prime factors of i?
3, 17
Let x = 5 - -11. List the prime factors of x.
2
What are the prime factors of (-3 - -2)/(((-15)/546)/5)?
2, 7, 13
Let k be -2*(2 - 57/6). Suppose -2*f + 5*f = k. Supp